 y = h + 18. List the prime factors of (9/y)/((-1)/36).
3
Let q = -30 + 33. What are the prime factors of (-21)/(q - 99/30)?
2, 5, 7
Let l(o) = o**2 + 2*o + 35. Let r be l(0). Let k = r + -9. What are the prime factors of k?
2, 13
Let w(f) = 2*f**2 + 6*f + 3. Let i be w(-4). Let y(p) = p**2 - 7*p - 10. Let l be y(i). Let b = l + -18. What are the prime factors of b?
2
Suppose -14 + 30 = h. Let x = 16 - h. Suppose 5*t + 2 - 267 = x. List the prime factors of t.
53
Suppose 5*y - 4 - 1 = 0. List the prime factors of y/(-4) + 564/16 + 4.
3, 13
Let d = -733 + 1790. List the prime factors of d.
7, 151
Let b(c) = 116*c**3 - 2*c**2 + 4*c - 11. What are the prime factors of b(2)?
7, 131
Suppose -63*z + 26235 = -10*z. List the prime factors of z.
3, 5, 11
Let x be 1/(4/20 - 0). Let i be (-4 + x)*(2 - 2). Suppose -4*a + 6*a - 22 = i. List the prime factors of a.
11
Let m(b) = b**2 + 2*b + 37. Let t(q) = -2*q + 8. Let o be t(4). What are the prime factors of m(o)?
37
Suppose 0 = -25*a + 9*a + 8704. What are the prime factors of a?
2, 17
Let i = -15 - -28. Let c(l) = l + 3. Let v be c(i). Suppose a + 1 - v = 0. List the prime factors of a.
3, 5
Suppose 68*l - 75*l + 2660 = 0. List the prime factors of l.
2, 5, 19
Let d = 2 + 14. Let s(f) = -f**3 + 8*f**2 + 9*f. Let r be s(9). Let q = d - r. What are the prime factors of q?
2
Let q(x) = -x**3 - 9*x**2 - 8*x + 31. What are the prime factors of q(-9)?
103
Suppose -c + 1549 = -0*b - b, 3*c + 2*b - 4637 = 0. List the prime factors of c.
7, 13, 17
Let y(p) = 8*p + p**2 + 6 + 10 - 1 - 6. Let f be y(-7). Suppose z = f*b - 0*b - 14, -z + 4 = 0. List the prime factors of b.
3
Let b = -2 - -7. Suppose b*s + 2*a = 38, 0 = s + 2*a - a - 7. Suppose 2*d - s = -2. What are the prime factors of d?
3
Let y = 254 - -121. List the prime factors of y.
3, 5
Let i = -110 + 115. Suppose -v = -i*u + 545, 436 = 2*u + 2*u - 4*v. List the prime factors of u.
109
Let u(l) = 49*l + 9. List the prime factors of u(12).
3, 199
Let g(o) = -2*o. Let w = 19 + -21. Let y be g(w). Suppose 31 = 4*l + 3*c, -l - y*c = -2 + 4. What are the prime factors of l?
2, 5
Suppose 0 = 4*n + 5*c - 698 - 6364, 0 = -n - 5*c + 1773. What are the prime factors of n?
41, 43
Let y be (1/(-2))/(14/2548). Let z = -48 - y. List the prime factors of z.
43
Suppose 3*u - 4 = u. What are the prime factors of (-15)/(((-6)/45)/u)?
3, 5
Suppose -z - z + u + 1000 = 0, 3*z - 2*u = 1502. List the prime factors of z.
2, 3, 83
Suppose f + 2*f - 4 = m, -m + 20 = 5*f. Suppose 2*p - 3*o - 138 = 0, 3*p - 76 = m*o + 133. List the prime factors of p.
3, 7
Let f be (-2)/15*(-15 - 3)*10. Suppose 4*z - 4 = 2*z. Suppose -5*q = -2*a + f, z*a - 4*q = 10 + 14. List the prime factors of a.
2, 3
Let u(r) = 25*r**2 + 2*r + 1. Let w be u(2). Suppose 8*i - 2*i = 1782. Suppose 4*h = -w + i. What are the prime factors of h?
2, 3
Let s(g) = 2*g**3 + g**2 - 4. Let p = 73 + -71. What are the prime factors of s(p)?
2
Suppose -t = -b + 2 - 0, 0 = 2*b - 3*t - 3. Suppose -20 = -4*w - 0*w. Suppose 2*u = -2*f + b + 27, -5*f + 85 = -w*u. List the prime factors of f.
2
Let z(q) = 3*q**2 - 28*q - 8. Let j be z(10). Suppose -3*r + 5*m = -6*r + 59, -r + 5*m + 33 = 0. List the prime factors of -4*(-3)/(j/r).
23
Let a = -156 + 443. What are the prime factors of a?
7, 41
Suppose -15*z - 4*i - 4081 = -16*z, -3*z + 12198 = 3*i. List the prime factors of z.
13, 313
Let s = -35 - -76. Let p(l) = l**3 - 6*l**2 - 8*l + 61. Let z be p(8). Suppose -z = -3*d - s. What are the prime factors of d?
2, 7
Let y = 8 + 8. Suppose 4*b - 4*i - 6 = i, -5*b + 2*i = -y. Suppose 3*q - 5 = -3*a - q, 2 = -2*a - b*q. List the prime factors of a.
7
Let m(z) = -2*z - 2. Let u be m(3). Let p = 16 + u. Suppose -p*h = -4*h - 28. List the prime factors of h.
7
Suppose h - 3*b - 2 = 4, -5*h = -4*b - 30. Suppose 0 = -2*w + h*w - 312. What are the prime factors of 12/w - 204/(-26)?
2
Let r(a) = a - 1. Let t(p) = 8*p**2 + 4*p + 13. Let h(k) = -2*r(k) + t(k). List the prime factors of h(-5).
5, 41
Suppose 0 = -u - 24 + 124. Let z = u + 32. List the prime factors of z.
2, 3, 11
Suppose -5*d = -0*d - 3*o + 33, 0 = -d - 5*o - 1. List the prime factors of d*-1*(15 + -3).
2, 3
Let k(r) = -r**3 - 5*r**2 - 5*r - 1. Let p be k(-4). Suppose 8*w + p = 555. List the prime factors of w.
3, 23
What are the prime factors of (1380/(-9) - 17/(-51))*-11?
3, 11, 17
Suppose 3*s = 3*p - 6, -2*s - 2*p = 2*p + 4. Let g(k) = 3*k**2 - 2*k - 2. What are the prime factors of g(s)?
2, 7
Let a be 2*219/(-12)*2. Let t = -14 - a. List the prime factors of (-2)/(-10) - t/(-5).
2, 3
Suppose -3*h + 8 = 2*r, -r + 3 = -4*h + 5*h. Suppose 0 = -h*z - 236 + 556. Suppose -2*x = -6*x + z. List the prime factors of x.
2, 5
What are the prime factors of (-142)/(182/63 - 3)?
2, 3, 71
Let u = 1932 + -1161. What are the prime factors of u?
3, 257
Let c(g) = -1 + 5 - 4*g - 2*g**2 - 1. Let r be c(-4). Let l(q) = -q + 25. What are the prime factors of l(r)?
2, 19
Let d(j) = -32*j + 23. Let w be d(-8). Suppose 76 = 5*v - w. List the prime factors of v.
71
Suppose -2*q - 38 = -4*r, 5*r = 4*r - 3*q - 1. Suppose -5*w - 28 = -r. What are the prime factors of 79/5 - w/20?
2
Let w(o) = -o**2 - 12*o - 15. Let r be w(-10). Let b(t) be the third derivative of t**5/30 - 7*t**4/24 + 2*t**3/3 - 3*t**2. List the prime factors of b(r).
19
Let s = 111 - 158. Let r = s + 208. What are the prime factors of r?
7, 23
Suppose -6*g + 258 = -4*g. Suppose 4*h = d - g, -387 = -3*d - 0*h - 3*h. What are the prime factors of d?
3, 43
Let y be (3 + -1 - 3)*(18 - 26). Suppose y*w - 450 + 50 = 0. List the prime factors of w.
2, 5
Let t be (-176)/24 + ((-5)/3)/(-5). What are the prime factors of 4*4 - 0/t?
2
Let t(j) = 25*j**3 - 2*j**2 + 2*j - 1. Let l = -6 - -10. Suppose -5*m + l*h = -5, 2*h + 3*h = 0. What are the prime factors of t(m)?
2, 3
Suppose y = -0*w - w + 12, w = 2. What are the prime factors of (-36)/15 - -2 - (-1784)/y?
2, 89
Let b(r) = -1 + 1 - 12*r - 2. Let h = 9 - 11. What are the prime factors of b(h)?
2, 11
List the prime factors of ((-6)/1)/(-2) + (-33453)/(-177).
2, 3
Suppose 0 = 3*z + 4*h - 2008, -2*z - 2024 = -5*z + 4*h. List the prime factors of z.
2, 3, 7
Suppose -j + 2 = -2*j. Let w(a) be the second derivative of a**3/3 + 3*a**2 + 6*a. List the prime factors of w(j).
2
Let l = 24 + -22. Suppose -k - 2*k = m + 25, 3*m + l*k = -40. What are the prime factors of (-2519)/(-55) + (-2)/m?
2, 23
Suppose 124569 + 30677 = 91*v. List the prime factors of v.
2, 853
Let m(b) = -b**2 + 12*b + 10. Let o = -24 + -20. Let u be 1/((-48)/o + -1). What are the prime factors of m(u)?
3, 7
Let w = 306 - 80. What are the prime factors of w?
2, 113
Suppose -61*h + 71*h = 2230. List the prime factors of h.
223
Let g be 1*(2/2 - 8). Let t be ((-10)/10)/((-1)/g). Let j(y) = y**2 + 3*y - 10. List the prime factors of j(t).
2, 3
Suppose -33*v - 1480 = -37*v. List the prime factors of v.
2, 5, 37
Suppose -4*w = -4*a + 88, 4*a + 3*w - 88 = 4*w. Suppose -5*l + 3*l = k + 43, -k - a = l. Let f = -10 - l. List the prime factors of f.
11
Suppose q - 6*q - 48 = -2*s, 3*s = 5*q + 62. Let o = s - 8. What are the prime factors of (140/o)/((-8)/(-12))?
5, 7
Let c be 1*(-2 - -2) + -45. Let u be 357/27 + 10/c. Suppose -63 = -o - u. What are the prime factors of o?
2, 5
Suppose -17*r = 6*r - 22172. List the prime factors of r.
2, 241
Suppose 642*v + 24444 = 654*v. What are the prime factors of v?
3, 7, 97
Let n = -2 - 4. Let i(p) = -2*p - 11. Let v be i(n). List the prime factors of v - (2 - 0)*-5.
11
Suppose 4*c + 3*b - 23 = 0, -25 = -2*c - 3*b - 6. Suppose -c*w + 103 = -27. What are the prime factors of w?
5, 13
Suppose -b - 4*r + 784 = 0, 2*r = 2*b + 6*r - 1548. List the prime factors of b.
2, 191
Suppose -7*g + 16836 = -g. Suppose -g = -4*q + 4178. What are the prime factors of q/45 + 2/10?
3, 13
Let y = -2 + 5. Let g be 5*(y - 36/20). Let z = 7 + g. List the prime factors of z.
13
Let t = -18 + 17. What are the prime factors of t/1 - (-117 + (-1 - 3))?
2, 3, 5
List the prime factors of 72/84*(106 + 3)*7.
2, 3, 109
List the prime factors of ((158/(-3))/1)/((-18)/243).
3, 79
Let c(b) = 17*b - 117. List the prime factors of c(30).
3, 131
Suppose 12*h + 40 = 7*h. Let b(g) = g**2 + 7*g - 6. Let n be b(h). Suppose -2*v + x = -22, -4*v + 48 